= -5*k + 432, 168 = 7*k - 5*k + 2*m. Let f = 139 - k. Calculate the remainder when f is divided by 11.
7
Let u = 15131 - 14441. Calculate the remainder when u is divided by 220.
30
Suppose 60*j + 2638 = 25858. Calculate the remainder when j is divided by 7.
2
What is the remainder when 2702 is divided by (238/(-84))/(8/(-144))?
50
Suppose 5*y - 6*c + 11*c - 130 = 0, 5*y - 2*c - 116 = 0. Suppose 18*m = 780 - y. What is the remainder when 79 is divided by m?
37
Suppose -25*t + 3*l - 18 = -29*t, -t + 2*l = -10. Calculate the remainder when 182 is divided by t.
2
Calculate the remainder when 64 is divided by ((-1023)/217 - 2/7 - -66) + 2.
1
Let u(h) = -h**3 - h**2 + h + 9. Let r(b) = 0*b + 2*b**2 - 14*b - 5 - 3*b**2 - 9. Calculate the remainder when r(-7) is divided by u(0).
8
Let g be -6*(-3462)/54*6. Suppose 13*f + g = 17*f. What is the remainder when f is divided by 29?
26
Let c(x) = 7*x + 2*x**2 - 4*x + 4*x - 7 - 8. Calculate the remainder when 9 is divided by c(2).
2
Let r(v) = -v**3 + 44*v**2 - 149*v - 352. Calculate the remainder when 191 is divided by r(40).
15
Let r(y) = -y**3 + 11*y**2 + 24*y + 18. Let j be r(13). Let k = j + 23. Let i(x) = x**2 - 15*x + 57. What is the remainder when i(15) is divided by k?
12
Suppose 0 = 35*p - 31*p - 720. Calculate the remainder when ((-6)/(-10))/((-9)/8775*-5) is divided by (-6)/(-9)*p/3.
37
Suppose -6*n - 44 + 8 = 0. Let d(p) = 2*p**2 + 13*p + 9. Let x be d(n). Suppose 0 = -x*l + 16*l - 39. What is the remainder when l is divided by 3?
0
Suppose 2114 - 2126 = -i. What is the remainder when 223 is divided by i?
7
Suppose 16 = 2*s, -15*h - s - 3872 = -17*h. What is the remainder when h is divided by 68?
36
Let w(b) = b + 15. Calculate the remainder when (-2 - (-24)/9)*(-1134)/(-36) is divided by w(-7).
5
Suppose 147 + 161 = 7*k. Suppose k = 14*y - 12*y. Suppose -10*h - h = -y. What is the remainder when 7 is divided by h?
1
Let o(a) = -101*a + 8174. What is the remainder when 500 is divided by o(79)?
110
Let s(f) = 39*f + 3. Let u(o) = -o**3 + 3*o**2 - o - 4. Let g be u(2). Let i(a) = -55*a - 87. Calculate the remainder when s(4) is divided by i(g).
21
Suppose 15*w - 4368 = -9*w. What is the remainder when w is divided by -1 + 27/21 + (-4160)/(-91)?
44
Let j be (10/20)/((-2)/(-40)). Let k = j - 14. What is the remainder when (-16 + k)*-1 - -4 is divided by 7?
3
Calculate the remainder when 644 is divided by ((144 - -3) + 1)*(-9)/(-20 - -2).
52
Suppose -34946 = -70*o - 280*o + 4*o. Calculate the remainder when 1227 is divided by o.
15
Suppose 0 = -10*m - 6*m + 976. Calculate the remainder when (-96)/80 - (-1782)/10 is divided by m.
55
Suppose -5*j + 87 = -13. Calculate the remainder when ((-328)/40 - -8)*-565 is divided by j.
13
Let s = 46 - -5. Suppose -2*o - 60 = -17*o. Suppose -2*y = -4*y + o*r + 52, -3*r + 60 = 4*y. What is the remainder when s is divided by y?
15
Let b(g) = 2*g**2 - g + 16. Let s be b(-8). Let l = s + -78. Calculate the remainder when l is divided by (-1)/1*(0 - 39).
35
Suppose -m - 2*a = 83, -2*m - 7*a = -2*a + 170. Let d = 49 + m. Let y = 21 - d. What is the remainder when y is divided by 8?
7
Let b be 15/15*(2 - 2). Suppose b = -23*w + 6*w + 34. What is the remainder when ((-14)/(-42))/(1/21) is divided by w?
1
Let h(s) be the third derivative of 16*s**5/15 + 3*s**4/8 + 13*s**3/6 + 12*s**2. What is the remainder when h(-2) is divided by 21?
20
Suppose 2*t + 2*u + 181 = 1877, -4*t + 4*u + 3400 = 0. Calculate the remainder when t is divided by 17.
16
What is the remainder when (-516)/(-16)*(42/7 + 6) is divided by 86?
43
Suppose -3*b + 26 = 4*p, -2*b - 4 = -4*p + 12. Suppose -b*d = -4*m - 18, 3*d + 2*d = 2*m - 11. What is the remainder when 23 is divided by (m + -1)*(2 - 3)?
7
Let t be 5 - 12*(0 + -2). Suppose 3*v = -3*w + 53 - t, 5*w = -v + 20. Let y(b) = -b**3 - 9*b**2 + 8*b - 4. What is the remainder when y(-10) is divided by w?
1
Suppose 14*q = 321 - 69. Suppose 5*v = -4*i - 186, v + 247 = -5*i + 2*v. Let d = i + 119. What is the remainder when d is divided by q?
16
Let l = -2106 + 3428. Let p = -1317 + l. What is the remainder when -1 - -16*2*2 is divided by p?
3
Let l(u) = 133*u**2 + 7*u - 8. Calculate the remainder when 632 is divided by l(1).
104
What is the remainder when 148 is divided by -3*2/(-6)*15?
13
Suppose 3*c - 11*c = 0. Suppose -4*i = 5*r - r - 1660, 4*i + 3*r - 1656 = c. Calculate the remainder when i is divided by 59.
57
Let r(v) = 15*v**2 - 612*v + 12. What is the remainder when r(41) is divided by (-1)/(-2) - 27/(-2)?
9
Let u = -80 + 324. Calculate the remainder when 1463 is divided by u.
243
Let d = 139 - 119. Let i be 4/1*d/16. Suppose 0*l = -i*l - o + 146, -2*l + 3*o + 72 = 0. What is the remainder when l is divided by 17?
13
Let i be ((-14)/(-2))/(((-44)/(-4))/11). Calculate the remainder when i - -73 - (-1 - -3) is divided by 23.
9
Suppose 0 = -5*x + 131 - 16. Let y(m) be the first derivative of -m**4/4 - 5*m**3/3 - 2*m**2 + 4*m - 46. What is the remainder when y(-6) is divided by x?
18
Suppose -3*l + 21 = -3*f, -8*l + 5*l - f + 29 = 0. What is the remainder when 2926 is divided by l?
1
Let q(t) = 229*t**3 + 2*t + 1. Let f be q(-1). Suppose 722 = -5*v - o, -2*o = -4*v - 6*o - 568. Let r = v - f. Calculate the remainder when r is divided by 43.
42
Let x be 25/10*-2*6/(-15). Let o be (-166)/(-4) - (15/x + -6). Suppose -30 = -3*b + 3*g + 45, -b = -4*g - o. What is the remainder when 49 is divided by b?
9
Let s = 5552 - 5271. Calculate the remainder when 1061 is divided by s.
218
Let z be 4 + -9 - (2 + -9). What is the remainder when 17138/132 - z/(-12) is divided by 27?
22
Let k(x) = 596*x - 4558. Calculate the remainder when 1478 is divided by k(8).
8
Suppose 140*p - 28 = 138*p. Let b(o) = 3*o + 1. Calculate the remainder when 60 is divided by b(p).
17
Suppose -272*i = -270*i - 252. Let l = i - 80. Calculate the remainder when 224 is divided by l.
40
Suppose -16114 = 205*r - 58*r - 186046. What is the remainder when r is divided by 173?
118
Let z be ((-66)/(-4))/((-48)/256). Calculate the remainder when (119/(-6))/(z/(-48) + -2) is divided by 40.
39
Let x = 20 - 18. Suppose -x*m - 7 = -3*m. What is the remainder when 15 is divided by m - 4 - -1*1?
3
Let w be ((-158)/(-8))/((-2)/(-8)). Let v be (-70)/385 + (248/33 - 3/9). Suppose -33 - w = -v*d. What is the remainder when d is divided by 7?
2
Let z = -38715 - -39916. What is the remainder when z is divided by 50?
1
Let l(u) = -6*u + 1 + 7*u - 1 + u**3 - 13*u**2 - 2. Suppose 0 = -2*a - 4*w + 48, -5*w + 3 = -a + 13. What is the remainder when a is divided by l(13)?
9
Suppose -5*x = -5*q - 15, 3*x - q - 17 = 4*q. Let p be x*(3 + (-3)/1). Suppose 0 = -3*s - p + 9. What is the remainder when 14 is divided by s?
2
Let r be (110/55)/((-4)/14). Let b(g) = 4*g**2 + 11*g + 15. What is the remainder when b(r) is divided by 35?
29
Let p = -608 - -671. Calculate the remainder when p is divided by 4.
3
Let b be ((-10)/2)/(5/3 + -2). Suppose -b*r + 1571 = 116. Calculate the remainder when r is divided by 33.
31
Suppose -4*k + 1070*l + 2906 = 1068*l, -739 = -k - 2*l. Calculate the remainder when k is divided by 16.
9
Suppose 0 = 5*r - 0*r - 25. Let s = 1648 - 1626. Calculate the remainder when s is divided by r.
2
Let p(o) = 24*o + 1. What is the remainder when (119 - (-8 + 9)) + 6 is divided by p(1)?
24
Let p(q) = 6*q**2 + q + 2. Let m = -8227 + 8236. Calculate the remainder when p(-2) is divided by m.
6
Calculate the remainder when (-26)/(1976/(-16804)) - (-2)/(-19) is divided by 46.
37
Let b(n) = -n**3 - 32*n**2 + 32*n + 37. Calculate the remainder when 99 is divided by b(-33).
29
Suppose -115*y = -118*y - 15, -4*a = -3*y - 24607. What is the remainder when a is divided by 25?
23
Suppose 5*l = -4*p + 123, -3*p + 3*l + 73 = -26. Suppose -21*o + 19*o + p = 0. Calculate the remainder when 75 is divided by o.
11
Suppose -2*y + 5 = -3*s, -5*y + 51 + 4 = s. What is the remainder when 559 is divided by y?
9
Let u = -449 - -547. What is the remainder when 415 is divided by u?
23
Let m = 17 - -49. Suppose 0*i - 3*i + 5*t = -37, m = 5*i - 4*t. What is the remainder when 25 is divided by i?
11
Let x(u) = -11*u - 46. Let c be x(-19). Let w = c - 135. What is the remainder when 135 is divided by w?
23
Calculate the remainder w